{"id":377,"date":"2023-11-15T17:30:49","date_gmt":"2023-11-15T17:30:49","guid":{"rendered":"https:\/\/materiadesign.pt\/ept-temp\/?page_id=377"},"modified":"2024-02-06T17:11:10","modified_gmt":"2024-02-06T17:11:10","slug":"conferencia-internacional","status":"publish","type":"page","link":"https:\/\/materiadesign.pt\/ept-temp\/noticias\/conferencia-internacional\/","title":{"rendered":"Confer\u00eancia internacional"},"content":{"rendered":"<p>A Presidente e os Vogais da Entidade para a Transpar\u00eancia, estiveram presentes na Confer\u00eancia Internacional comemorativa do 40.\u00ba Anivers\u00e1rio do Tribunal Constitucional, subordinada ao tema Constitucionalismo no S\u00e9c. XXI.<br><span style=\"background-color: initial;\">A Confer\u00eancia decorreu na Academia de Ci\u00eancias em Lisboa, nos dias 2 e 3 de mar\u00e7o.<\/span><\/p>\n\n<h2 class=\"wp-block-heading\">Confer\u00eancia internacional 40.\u00ba Anivers\u00e1rio do Tribunal Constitucional<\/h2>\n\n\n\n<figure class=\"wp-block-image size-large\"><a ><img loading=\"lazy\" decoding=\"async\" width=\"1024\" height=\"700\" src=\"https:\/\/materiadesign.pt\/ept-temp\/wp-content\/uploads\/2023\/11\/conferencia-internacional-40-anos-1024x700.jpg\" alt class=\"wp-image-380\" srcset=\"https:\/\/materiadesign.pt\/ept-temp\/wp-content\/uploads\/2023\/11\/conferencia-internacional-40-anos-1024x700.jpg 1024w, https:\/\/materiadesign.pt\/ept-temp\/wp-content\/uploads\/2023\/11\/conferencia-internacional-40-anos-300x205.jpg 300w, https:\/\/materiadesign.pt\/ept-temp\/wp-content\/uploads\/2023\/11\/conferencia-internacional-40-anos-768x525.jpg 768w, https:\/\/materiadesign.pt\/ept-temp\/wp-content\/uploads\/2023\/11\/conferencia-internacional-40-anos-1536x1049.jpg 1536w, https:\/\/materiadesign.pt\/ept-temp\/wp-content\/uploads\/2023\/11\/conferencia-internacional-40-anos.jpg 1600w\" sizes=\"auto, (max-width: 1024px) 100vw, 1024px\" \/><\/a><\/figure>","protected":false},"excerpt":{"rendered":"<p>A Presidente e os Vogais da Entidade para a Transpar\u00eancia, estiveram presentes na Confer\u00eancia Internacional comemorativa do 40.\u00ba Anivers\u00e1rio do Tribunal Constitucional, subordinada ao tema Constitucionalismo no S\u00e9c. XXI.A Confer\u00eancia decorreu na Academia de Ci\u00eancias em Lisboa, nos dias 2 e 3 de mar\u00e7o. Confer\u00eancia internacional 40.\u00ba Anivers\u00e1rio do Tribunal Constitucional<\/p>\n","protected":false},"author":1,"featured_media":0,"parent":1657,"menu_order":0,"comment_status":"closed","ping_status":"closed","template":"","meta":{"footnotes":""},"class_list":["post-377","page","type-page","status-publish","hentry"],"_links":{"self":[{"href":"https:\/\/materiadesign.pt\/ept-temp\/wp-json\/wp\/v2\/pages\/377","targetHints":{"allow":["GET"]}}],"collection":[{"href":"https:\/\/materiadesign.pt\/ept-temp\/wp-json\/wp\/v2\/pages"}],"about":[{"href":"https:\/\/materiadesign.pt\/ept-temp\/wp-json\/wp\/v2\/types\/page"}],"author":[{"embeddable":true,"href":"https:\/\/materiadesign.pt\/ept-temp\/wp-json\/wp\/v2\/users\/1"}],"replies":[{"embeddable":true,"href":"https:\/\/materiadesign.pt\/ept-temp\/wp-json\/wp\/v2\/comments?post=377"}],"version-history":[{"count":18,"href":"https:\/\/materiadesign.pt\/ept-temp\/wp-json\/wp\/v2\/pages\/377\/revisions"}],"predecessor-version":[{"id":517,"href":"https:\/\/materiadesign.pt\/ept-temp\/wp-json\/wp\/v2\/pages\/377\/revisions\/517"}],"up":[{"embeddable":true,"href":"https:\/\/materiadesign.pt\/ept-temp\/wp-json\/wp\/v2\/pages\/1657"}],"wp:attachment":[{"href":"https:\/\/materiadesign.pt\/ept-temp\/wp-json\/wp\/v2\/media?parent=377"}],"curies":[{"name":"wp","href":"https:\/\/api.w.org\/{rel}","templated":true}]}}