{"id":626,"date":"2023-12-02T18:13:15","date_gmt":"2023-12-02T18:13:15","guid":{"rendered":"https:\/\/materiadesign.pt\/ept-temp\/?page_id=626"},"modified":"2023-12-26T14:49:59","modified_gmt":"2023-12-26T14:49:59","slug":"ligacoes","status":"publish","type":"page","link":"https:\/\/materiadesign.pt\/ept-temp\/ligacoes\/","title":{"rendered":"Liga\u00e7\u00f5es"},"content":{"rendered":"<p>Presidente da Rep\u00fablica |\u00a0 <a href=\"http:\/\/www.presidenciarepublica.pt\" target=\"_blank\" rel=\"noopener\">www.presidenciarepublica.pt<\/a><br \/>Assembleia da Rep\u00fablica | <a href=\"https:\/\/www.parlamento.pt\/\" target=\"_blank\" rel=\"noopener\">www.parlamento.pt<\/a><br \/>Governo |\u00a0 <a href=\"https:\/\/www.portugal.gov.pt\/pt\/gc23\" target=\"_blank\" rel=\"noopener\">www.portugal.gov.pt<\/a><br \/>Tribunal Constitucional |\u00a0 <a href=\"https:\/\/www.tribunalconstitucional.pt\/tc\/home.html\" target=\"_blank\" rel=\"noopener\">www.tribunalconstitucional.pt<\/a><br \/>Supremo Tribunal de Justi\u00e7a |\u00a0 <a href=\"https:\/\/www.stj.pt\/\" target=\"_blank\" rel=\"noopener\">www.stj.pt<\/a><br \/>Supremo Tribunal Administrativo |\u00a0 <a href=\"https:\/\/www.stadministrativo.pt\/\" target=\"_blank\" rel=\"noopener\">www.stadministrativo.pt<\/a><br \/>Tribunal de Contas |\u00a0 <a href=\"https:\/\/www.tcontas.pt\/pt-pt\/Pages\/homepage.aspx\" target=\"_blank\" rel=\"noopener\">www.tcontas.pt<\/a><br \/>Minist\u00e9rio P\u00fablico |\u00a0 <a href=\"https:\/\/www.ministeriopublico.pt\/\" target=\"_blank\" rel=\"noopener\">www.ministeriopublico.pt<\/a><br \/>Provedor de Justi\u00e7a | <a href=\"https:\/\/www.provedor-jus.pt\/\" target=\"_blank\" rel=\"noopener\">www.provedor-jus.pt<\/a><br \/>Di\u00e1rio da Rep\u00fablica Eletr\u00f3nico | <a href=\"https:\/\/diariodarepublica.pt\/dr\/home\" target=\"_blank\" rel=\"noopener\">dre.pt<\/a><\/p>\n\n<h2 class=\"wp-block-heading\">Liga\u00e7\u00f5es<\/h2>\n\n\n\n<p>\u00d3rg\u00e3os de Soberania<\/p>\n\n<p>Internacionais<\/p>\n\n<p>UE &#8211; Uni\u00e3o Europeia | <a href=\"https:\/\/european-union.europa.eu\/index_pt\" target=\"_blank\" rel=\"noopener\">europa.eu\/european-union\/index_pt<\/a><br \/>PE &#8211; Parlamento Europeu | <a href=\"https:\/\/www.europarl.europa.eu\/portal\/pt\" target=\"_blank\" rel=\"noopener\">www.europarl.europa.eu\/portal\/pt<\/a><br \/>Conselho da Uni\u00e3o Europeia | <a href=\"https:\/\/www.consilium.europa.eu\/pt\/\" target=\"_blank\" rel=\"noopener\">www.consilium.europa.eu\/pt<\/a><br \/>Comiss\u00e3o Europeia | <a href=\"https:\/\/commission.europa.eu\/index_pt\" target=\"_blank\" rel=\"noopener\">commission.europa.eu\/index_pt<\/a><br \/>Conselho da Europa | <a href=\"https:\/\/www.coe.int\/en\/web\/portal\/home\" target=\"_blank\" rel=\"noopener\">www.coe.int\/en\/web\/portal\/home<\/a><br \/>Grupo de Estados contra a Corrup\u00e7\u00e3o | <a href=\"https:\/\/www.coe.int\/en\/web\/greco\/home\" target=\"_blank\" rel=\"noopener\">www.coe.int\/en\/web\/greco\/home<\/a><br \/>Grupo de A\u00e7\u00e3o Financeira Internacional (GAFI) | <a href=\"https:\/\/www.fatf-gafi.org\/\" target=\"_blank\" rel=\"noopener\">www.fatf-gafi.org<\/a><br \/>UNODC &#8211; Escrit\u00f3rio das Na\u00e7\u00f5es Unidas sobre Drogas e Crime | <a href=\"https:\/\/www.unodc.org\/unodc\/index.html\" target=\"_blank\" rel=\"noopener\">https:\/\/www.unodc.org<\/a><br \/>Confer\u00eancia dos Estados Partes na Conven\u00e7\u00e3o das Na\u00e7\u00f5es Unidas contra a Corrup\u00e7\u00e3o | <a href=\"https:\/\/www.unodc.org\/unodc\/en\/corruption\/COSP\/conference-of-the-states-parties.html\" target=\"_blank\" rel=\"noopener\">https:\/\/www.unodc.org\/unodc\/en\/corruption\/COSP\/conference-of-the-states-parties.html<\/a><br \/>OCDE | <a href=\"https:\/\/www.oecd.org\/corruption-integrity\/explore\/topics\/public-integrity.html\" target=\"_blank\" rel=\"noopener\">https:\/\/www.oecd.org\/corruption-integrity\/explore\/topics\/public-integrity.html<\/a><\/p>\n\n<p>Outras Entidades:<\/p>\n\n<p>Transpar\u00eancia Internacional | <a href=\"https:\/\/transparencia.pt\/organizacao\/\">https:\/\/transparencia.pt\/organizacao\/<\/a><\/p>","protected":false},"excerpt":{"rendered":"<p>Presidente da Rep\u00fablica |\u00a0 www.presidenciarepublica.ptAssembleia da Rep\u00fablica | www.parlamento.ptGoverno |\u00a0 www.portugal.gov.ptTribunal Constitucional |\u00a0 www.tribunalconstitucional.ptSupremo Tribunal de Justi\u00e7a |\u00a0 www.stj.ptSupremo Tribunal Administrativo |\u00a0 www.stadministrativo.ptTribunal de Contas |\u00a0 www.tcontas.ptMinist\u00e9rio P\u00fablico |\u00a0 www.ministeriopublico.ptProvedor de Justi\u00e7a | www.provedor-jus.ptDi\u00e1rio da Rep\u00fablica Eletr\u00f3nico | dre.pt Liga\u00e7\u00f5es \u00d3rg\u00e3os de Soberania Internacionais UE &#8211; Uni\u00e3o Europeia | europa.eu\/european-union\/index_ptPE &#8211; Parlamento Europeu | www.europarl.europa.eu\/portal\/ptConselho [&hellip;]<\/p>\n","protected":false},"author":1,"featured_media":0,"parent":0,"menu_order":0,"comment_status":"closed","ping_status":"closed","template":"","meta":{"footnotes":""},"class_list":["post-626","page","type-page","status-publish","hentry"],"_links":{"self":[{"href":"https:\/\/materiadesign.pt\/ept-temp\/wp-json\/wp\/v2\/pages\/626","targetHints":{"allow":["GET"]}}],"collection":[{"href":"https:\/\/materiadesign.pt\/ept-temp\/wp-json\/wp\/v2\/pages"}],"about":[{"href":"https:\/\/materiadesign.pt\/ept-temp\/wp-json\/wp\/v2\/types\/page"}],"author":[{"embeddable":true,"href":"https:\/\/materiadesign.pt\/ept-temp\/wp-json\/wp\/v2\/users\/1"}],"replies":[{"embeddable":true,"href":"https:\/\/materiadesign.pt\/ept-temp\/wp-json\/wp\/v2\/comments?post=626"}],"version-history":[{"count":9,"href":"https:\/\/materiadesign.pt\/ept-temp\/wp-json\/wp\/v2\/pages\/626\/revisions"}],"predecessor-version":[{"id":1620,"href":"https:\/\/materiadesign.pt\/ept-temp\/wp-json\/wp\/v2\/pages\/626\/revisions\/1620"}],"wp:attachment":[{"href":"https:\/\/materiadesign.pt\/ept-temp\/wp-json\/wp\/v2\/media?parent=626"}],"curies":[{"name":"wp","href":"https:\/\/api.w.org\/{rel}","templated":true}]}}